{"id":3,"date":"2026-03-27T16:17:23","date_gmt":"2026-03-27T16:17:23","guid":{"rendered":"http:\/\/lesvertsdecosse.org\/?page_id=3"},"modified":"2026-03-28T10:40:24","modified_gmt":"2026-03-28T10:40:24","slug":"privacy-policy","status":"publish","type":"page","link":"https:\/\/lesvertsdecosse.org\/index.php\/privacy-policy\/","title":{"rendered":"Politique de confidentialit\u00e9"},"content":{"rendered":"\n<h6 class=\"wp-block-heading\">1. Responsable du traitement<\/h6>\n\n\n\n<p>Le site lesvertsdecosse.org est responsable du traitement de vos donn\u00e9es. Conform\u00e9ment au RGPD et aux lois britanniques et fran\u00e7aises, nous ne collectons que le strict n\u00e9cessaire.<\/p>\n\n\n\n<h6 class=\"wp-block-heading\">2. Donn\u00e9es collect\u00e9es et Finalit\u00e9s<\/h6>\n\n\n\n<p>Nous traitons vos donn\u00e9es pour les finalit\u00e9s suivantes :<\/p>\n\n\n\n<ul class=\"wp-block-list\">\n<li>Commentaires : Nom, email, adresse IP et contenu du message pour la gestion des \u00e9changes, de l&#8217;envoi de communications, et la lutte contre le spam.<\/li>\n\n\n\n<li>Donn\u00e9es Politiques : En interagissant avec ce site, vous pouvez r\u00e9v\u00e9ler vos opinions politiques. Nous ne traitons ces donn\u00e9es qu\u2019avec votre consentement ou dans le cadre de nos activit\u00e9s associatives l\u00e9gitimes.<\/li>\n<\/ul>\n\n\n\n<h6 class=\"wp-block-heading\">3. Cookies<\/h6>\n\n\n\n<p>Nous utilisons des cookies essentiels :<\/p>\n\n\n\n<ul class=\"wp-block-list\">\n<li>Session &amp; Fonctionnalit\u00e9s : Cookies strictement n\u00e9cessaires (WordPress, session, s\u00e9curit\u00e9).<\/li>\n\n\n\n<li>Contenu embarqu\u00e9 : Les vid\u00e9os\/articles tiers (YouTube, etc.) peuvent d\u00e9poser leurs propres cookies selon leurs propres politiques.<\/li>\n<\/ul>\n\n\n\n<h6 class=\"wp-block-heading\">4. Stockage et Conservation<\/h6>\n\n\n\n<p>Nous conservons vos messages envoy\u00e9s par la fonctionnalit\u00e9 &#8220;Contactez-nous&#8221; pour une dur\u00e9e de 6 mois.<\/p>\n\n\n\n<h6 class=\"wp-block-heading\">5. Vos Droits (RGPD)<\/h6>\n\n\n\n<p>Vous disposez d\u2019un droit d\u2019acc\u00e8s, de rectification, de portabilit\u00e9 et d\u2019effacement de vos donn\u00e9es.<\/p>\n\n\n\n<p>Pour exercer ces droits, contactez nous: contact@lesvertsdecosse.org<\/p>\n\n\n\n<h6 class=\"wp-block-heading\">6. Transmission des donn\u00e9es<\/h6>\n\n\n\n<p>Vos donn\u00e9es ne sont jamais vendues. Elles peuvent \u00eatre v\u00e9rifi\u00e9es par un service automatis\u00e9 de d\u00e9tection du spam.<\/p>\n","protected":false},"excerpt":{"rendered":"<p>1. Responsable du traitement Le site lesvertsdecosse.org est responsable du traitement de vos donn\u00e9es. Conform\u00e9ment au RGPD et aux lois britanniques et fran\u00e7aises, nous ne collectons que le strict n\u00e9cessaire. 2. Donn\u00e9es collect\u00e9es et Finalit\u00e9s Nous traitons vos donn\u00e9es pour les finalit\u00e9s suivantes : 3. Cookies Nous utilisons des cookies essentiels : 4. Stockage et [&hellip;]<\/p>\n","protected":false},"author":1,"featured_media":0,"parent":0,"menu_order":0,"comment_status":"closed","ping_status":"open","template":"","meta":{"footnotes":""},"class_list":["post-3","page","type-page","status-publish","hentry"],"_links":{"self":[{"href":"https:\/\/lesvertsdecosse.org\/index.php\/wp-json\/wp\/v2\/pages\/3","targetHints":{"allow":["GET"]}}],"collection":[{"href":"https:\/\/lesvertsdecosse.org\/index.php\/wp-json\/wp\/v2\/pages"}],"about":[{"href":"https:\/\/lesvertsdecosse.org\/index.php\/wp-json\/wp\/v2\/types\/page"}],"author":[{"embeddable":true,"href":"https:\/\/lesvertsdecosse.org\/index.php\/wp-json\/wp\/v2\/users\/1"}],"replies":[{"embeddable":true,"href":"https:\/\/lesvertsdecosse.org\/index.php\/wp-json\/wp\/v2\/comments?post=3"}],"version-history":[{"count":2,"href":"https:\/\/lesvertsdecosse.org\/index.php\/wp-json\/wp\/v2\/pages\/3\/revisions"}],"predecessor-version":[{"id":59,"href":"https:\/\/lesvertsdecosse.org\/index.php\/wp-json\/wp\/v2\/pages\/3\/revisions\/59"}],"wp:attachment":[{"href":"https:\/\/lesvertsdecosse.org\/index.php\/wp-json\/wp\/v2\/media?parent=3"}],"curies":[{"name":"wp","href":"https:\/\/api.w.org\/{rel}","templated":true}]}}